 m(-2). Let f(l) = l**2 + 9*l - 9. Let r be f(q). What is the units digit of 2*31/2*r?
1
Let m = 20 - 41. Let j be (1 + 0)/(3/m). What is the units digit of (-3 - j)/(-4) + 20?
9
Let l(f) = -9*f - 26. Let k(o) = -3*o + 44. Let v be k(19). What is the units digit of l(v)?
1
Let f(c) = -7*c - 16 + 9 - 2*c. What is the tens digit of f(-4)?
2
What is the units digit of 6*5/(-10)*(-17355)/45?
7
Suppose 0 = 10*x - 25 - 5. Suppose 1078 = 3*i + n + 254, x*i - 836 = 2*n. What is the tens digit of i?
7
Suppose -26*i = -18*i - 304. What is the units digit of i?
8
Let g = 12 + -24. What is the tens digit of 210/4*g/(-18)?
3
Suppose 33*s - 28*s - 100 = 0. What is the units digit of s?
0
Suppose j + 2*b + b + 3 = 0, 7 = 3*j + b. Suppose j*l = -4*m + 32, m - 21 = l - 4*m. Suppose 5*h = q + 110, -53 + 152 = l*h - 3*q. What is the units digit of h?
1
Let p(a) = 2*a**2 - a**2 + 0*a**2 + a + 27. What is the units digit of p(0)?
7
Suppose 4 = 52*k - 50*k. Suppose k*v = 4*v - 50. What is the units digit of v?
5
Suppose -4*d = -2*w - 3 - 1, 0 = -2*w - 3*d + 10. Suppose 4*g = 65*g - 244. What is the units digit of w*(-6)/g - -17?
4
Suppose -4*w + 14 + 24 = 2*l, -2*l = w - 11. Suppose 3*s = 3*k + 684, 5*s - w*s - 4*k = -896. What is the hundreds digit of s?
2
Suppose -6*d + 152 - 56 = 0. Suppose -5*w = -d - 29. What is the units digit of 54*(-2 + 24/w)?
6
Suppose 3*s - 1414 = 1901. What is the tens digit of s?
0
Suppose -144 = 2*p + 4*j, 5*p - 3*j + 390 = 2*j. Let y = 124 + p. What is the units digit of y?
8
Suppose 0 = -4*j + 5*j - 2*u + 9, -3*j + 5*u - 22 = 0. What is the units digit of j?
1
Let t = 72 + -74. Let y = 37 - t. What is the units digit of y?
9
Let n(t) = t**3 - 29*t**2 - 37*t - 7. What is the hundreds digit of n(33)?
1
Let u(i) = 51*i**2 - 35*i - 419. What is the thousands digit of u(-10)?
5
Suppose 5*p - 3*q - 3 + 157 = 0, p + 42 = -5*q. What is the hundreds digit of (p/12)/(-2)*81?
1
Let g(p) = p**3 - 15*p**2 + p + 1189. What is the hundreds digit of g(0)?
1
Suppose -4*s + 4014 = -8*u + 10*u, 2*s = 4*u + 1992. What is the hundreds digit of s?
0
Let h(r) = 12*r - 5. Let w be h(12). Suppose -5*g + 131 + w = 0. What is the tens digit of g?
5
Suppose 7*d - 2*d - 55 = 0. Let a = 7 + d. Suppose 0*n = n - a. What is the units digit of n?
8
Let t(h) = -2*h**3 + 3*h**2 + 3*h + 1. Let g = -23 + 19. Let q(k) = k + 2. Let i be q(g). What is the units digit of t(i)?
3
Suppose 0 = 3*c + 5*z - 1014, -5*c + z - 1067 = -2785. Let r = c + -218. Let d = r - 77. What is the tens digit of d?
4
Let a = 4311 - 2922. What is the tens digit of a?
8
Let y(i) = 3*i**2 - 3. Let b be y(4). Let j = b + -25. Let w = -18 + j. What is the units digit of w?
2
What is the tens digit of (-157008)/(-108) - (4/(-18) - 0)?
5
Suppose 10*v + 422 = 4702. What is the hundreds digit of v?
4
Let b = -444 - -652. Suppose -2*x + b = -0*x. What is the units digit of x?
4
Let v(n) = -9*n**3 - 1. Let g be v(1). Let i = 15 + g. What is the units digit of i?
5
Suppose -c + 0*c = -o, 0 = 5*c - 2*o - 6. Let u(l) = -4 + c*l**2 - l**2 + 8*l**2 - 4*l. What is the units digit of u(-2)?
0
Suppose 1470 + 5229 = 7*k. What is the tens digit of k?
5
Suppose 6*l - 46 + 202 = 0. Let k = -1 - l. What is the units digit of k?
5
Suppose -2*o + 1129 + 2591 = 0. What is the tens digit of o?
6
Suppose -d - 2353 = -4*d - k, 777 = d + 4*k. What is the tens digit of d?
8
Let h be 2/13 + 6/(-39). What is the units digit of (-6 - -5)*(h - 17)?
7
Let o = 91 + -87. Suppose -o*i + 1648 = 4*i. What is the tens digit of i?
0
Let x(c) = 5*c - 3*c**2 + c**2 - 3*c + c**2. Let u be x(3). What is the units digit of (6/(-4))/(u/52)?
6
Let h(b) = 5*b**3 - 20*b - 6. Let n(q) = 4*q**3 - q**2 - 20*q - 5. Let t(l) = -5*h(l) + 6*n(l). What is the units digit of t(-8)?
8
Let a = -45 + 17. Let b = a - -32. Let r = 68 - b. What is the units digit of r?
4
Suppose g = c - 2*g - 30, c - 4*g - 33 = 0. Let x = c + -20. What is the units digit of (x - 5)/((-6)/51)?
4
Let t(n) = -6*n**3 - 2*n**2 + 2*n - 6. Let y be t(-3). Suppose 5*c = 2*c + 3*z + y, 5*c = 2*z + 220. What is the units digit of c?
4
Let l(q) = -2*q**2 + 115*q + 23. What is the hundreds digit of l(44)?
2
Let n(a) = a**2 + 5*a + 2. Let d be n(-2). Let i(v) = 4*v + 10. Let g be i(d). Let q = 12 + g. What is the units digit of q?
6
Suppose 6*i - 35 = -5. Suppose -i*h = -10*h - 10. What is the tens digit of (h/5)/(4/(-540))?
5
Suppose 2*a = -2*s - 3 + 33, a = -2*s + 18. Let x(o) = -7 - 6*o + 7 - a*o. What is the tens digit of x(-1)?
1
Suppose x = 8 + 5. Let f(d) = -d**3 + 12*d**2 + 18*d + 6. What is the units digit of f(x)?
1
Let j(p) = 21*p**2 + p - 131. What is the units digit of j(11)?
1
Suppose 5*h + 27 - 2 = 0, -h - 9 = -b. Suppose b*j - 17 + 5 = 0. Suppose j*g = -0*g + 99. What is the units digit of g?
3
Suppose 2*b = 3*q - 37, 19 = -5*q - b + 72. Suppose 3*u - 4*z = -q + 49, 0 = z - 4. What is the tens digit of u?
1
Suppose 0*j + 2*h = -2*j - 48, 0 = -2*j - h - 51. Let r be -9 - j - 0/1. What is the units digit of 136/(-3)*(-27)/r?
8
Let f = 465 - 115. What is the hundreds digit of f?
3
Let g(l) = -44*l + 172. Let b be g(4). Let v(k) = -k - 8. Let q be v(-6). What is the tens digit of (b + -20)*q/3?
1
Let o(b) = 25*b - 131 + 138 + 27*b. What is the hundreds digit of o(2)?
1
Suppose 2*r = 4*x - 16, -x - 7 = 2*r - 1. Suppose -3*p + 47 = -x*p. Suppose -y - 47 = -4*m, 4*m + y = 10 + p. What is the units digit of m?
3
Let s(o) be the third derivative of -o**6/20 - o**4/24 + o**3/6 + 3*o**2. Suppose -4*y = -7*y - 6. What is the units digit of s(y)?
1
Let b be (-1461)/(-9) - (-7)/(-21). Suppose 3*d = f - 50 + 1, -4*d = -3*f + b. What is the units digit of f?
8
Let t(s) = -6*s + 3 + 14 + s**2 - 3 - 2*s. What is the units digit of t(15)?
9
Suppose -4*x + 1 = -19, -3*x = 2*c - 1451. What is the tens digit of c?
1
Let j be (-5)/((-20)/24) - (0 + 4). Suppose -j*h + 358 = 5*x, 744 = 5*h - h + 3*x. What is the units digit of h?
9
Suppose 10 = -5*i - 4*h - 15, 4*i = -2*h - 26. Let c = -5 - i. What is the units digit of -1 + c + 2 + 5?
0
Let d(a) = 5*a**3 - 2*a**2 - 3*a - 2. Let x be d(4). Let u = x - 132. What is the units digit of u?
2
Suppose -2*v + 883 + 1554 = -g, 1220 = v - g. What is the thousands digit of v?
1
What is the units digit of 0 + 348 - (2 + -2 + -4)?
2
Let m be 4/(2 + -3) - -220. Suppose -3*j - 5*u = -166, -u = 4*j + 3*u - m. Let z = -29 + j. What is the units digit of z?
3
Let w(t) = 4*t**2 + 2*t - 1. Let m(d) = 5*d**2 + 2*d. Let z(l) = 5*m(l) - 6*w(l). Let s be z(6). What is the tens digit of s/(2 + 0) - 3?
1
Let b be (-5)/(-25) + (-34)/(-5). Let t(v) = v**3 - 6*v**2 - 5*v - 10. Let z be t(b). Let r = 12 - z. What is the units digit of r?
8
Suppose -2 = -3*q + 7. Let a = -27 + 36. Suppose a = q*g - 48. What is the tens digit of g?
1
Let r = 98 - 98. Suppose r = -l + 8*l - 392. What is the tens digit of l?
5
Suppose c - 5*q = -3*c + 7, 3*c - 11 = -2*q. Let x = 73 + -38. Suppose -2*n + x = 5*p, -4*p = 3*n - c*p - 72. What is the units digit of n?
5
Suppose -6 = 5*c - 1. Let s be (-12)/(c*4) - 45. What is the tens digit of -1 + -1*(2 + s)?
3
Suppose -v - 102 = -2*s, 0*v - 4*v - 153 = -3*s. Let n = s - -5. What is the units digit of n?
6
Let q = 986 + 777. What is the units digit of q?
3
Let a be 15/(-6)*(-3 + 1). Suppose 4*d = -3*x + 171, 5*d - 252 = -a*x - 37. Suppose -3*k - d = -6*k. What is the tens digit of k?
1
Suppose 5330 = 5*k - 3*g, -4*g + 172 + 917 = k. What is the tens digit of k?
6
Let i be (-1 + 1)*(13/2 - 6). Let m = 3 - -32. Suppose -5*t + i*t = -m. What is the units digit of t?
7
Suppose k = -5*g + 147, 6*g - 3*g = 2*k - 320. What is the hundreds digit of k?
1
Let z = 184 - 114. Let o = z - 67. What is the units digit of o?
3
Suppose -3*c + 195 = 3*v, 122 + 134 = 4*v + 2*c. Let y = 66 - v. What is the units digit of y?
3
Let j(l) = l + 5. Let p be j(-1). Let n(q) = 13*q - 21. What is the tens digit of n(p)?
3
Let o(l) = -22*l + 244. What is the units digit of o(0)?
4
Let z(o) = o + 2. Let b be z(1). Suppose s = -3*s + 124. Let g = s + b. What is the tens digit of g?
3
What is the units digit of ((-12)/5)/(63/(-18165))?
2
Let t be -1 + 1412/(-22) + (-2)/(-11). Let l = -35 - t. What is the units digit of l?
0
Suppose 0 = -3*i - 3*l + 18, 2*i + 2*l - 15 = -l. Let 